
Let t = 19 + 16. Suppose -3*w + 2*o + t = 2*w, 2*w = 5*o - 7. What is the units digit of w?
9
Suppose 452 + 171 = 7*a. What is the units digit of a?
9
Let k be ((-4)/6)/(2/(-15)). Suppose -k*b + 3 = r, 4*r + 4*b = -b - 3. What is the units digit of (r + 1)/((-3)/18)?
6
Let i be (-17)/(-5) + (-14)/35. Let c be (3 - 2 - 29)/(-1). Suppose 2*z - 14 = v - i*v, -v + c = 4*z. What is the units digit of z?
7
Let x = -552 + 783. What is the tens digit of x?
3
Let a = 5 + -11. Let y = -34 + 32. What is the units digit of (a/(-9))/(y/(-3))?
1
What is the units digit of (-186)/(-3) - (4 + -3)?
1
Suppose -3*j - 20 = -152. Let n(m) = m**2 - 6*m. Let g be n(6). Suppose 5*s - 3*i - 25 = g, -3*s + j = 3*i + i. What is the units digit of s?
8
Suppose 3*j - 16 = -4*t + 17, -44 = -4*j - 2*t. Let n(c) = 29*c**3 + 24*c**3 - 11*c**2 - 10 + c - 52*c**3. What is the units digit of n(j)?
1
Let y(u) = 3*u - 5. What is the units digit of y(4)?
7
Let w(l) be the second derivative of -l**4/12 + l**3 - 3*l**2 - l. What is the units digit of w(4)?
2
Suppose 73 - 11 = 2*c + 4*g, -5*g = -3*c + 93. What is the tens digit of c?
3
What is the tens digit of (0 - (-52)/(-12))/(1/(-9))?
3
What is the tens digit of (18/(-12))/(1/(-18))?
2
Suppose 3*c = -c + 128. What is the units digit of c?
2
What is the units digit of ((-68)/12 - -6)/((-2)/(-942))?
7
Let x(t) = t**3 + 3*t**2 - t - 1. Let d be x(-2). Suppose 5*v + 9 = -i, -d*i - 5*v - 3 = 2. Let f = 0 + i. What is the units digit of f?
1
Let g = 5 - 2. Suppose 2*v = 25 + g. What is the tens digit of v?
1
Suppose -5*c + 2*o + 5 = -88, 63 = 3*c - 3*o. What is the tens digit of c?
1
Suppose 5*l - c - 92 - 149 = 0, -2*l - c + 102 = 0. What is the tens digit of l?
4
Let y = -56 + 109. What is the units digit of y?
3
Suppose 5*p + 3*r = -2*r + 50, -4*p - 2*r + 40 = 0. What is the tens digit of p?
1
Let z = 37 + -16. What is the tens digit of z?
2
Suppose -3*c = -2*h - 8, 0*c + 2*h + 8 = -c. Suppose 0 = -3*f + 6*y - 2*y + 29, -19 = -3*f + 2*y. Let k = f - c. What is the units digit of k?
3
Let l(c) = c**2 + c. Let q be l(2). Let h(x) = 8 + 2 + 1 - x. What is the units digit of h(q)?
5
Let c be (-3 - -3) + 4 + -1. Let r(m) = 4*m**2 - 4*m + 4. What is the units digit of r(c)?
8
Suppose -2*u + 85 + 119 = 0. Let n = 146 - u. What is the tens digit of n?
4
Let l = -11 - -3. Let g(s) = s + 12. What is the units digit of g(l)?
4
Let o(b) = -b**2 - 12*b - 10. What is the units digit of o(-9)?
7
Suppose -78 = -3*t - 3*p, -2*t + 5*t = -4*p + 78. What is the tens digit of t?
2
Let h be (-66)/8 - (-12)/(-16). What is the units digit of ((-14)/(-10))/(h/(-45))?
7
Suppose -o = -4*p - 37, 5*o - 2*p = 2*p + 121. Let j = o + -11. Suppose -3*c + 26 = -j. What is the tens digit of c?
1
Let g = 6 - 8. What is the units digit of g - (-4 - 2)/1?
4
Let x be 9/3*8/6. Let o(i) = 3*i. What is the tens digit of o(x)?
1
Suppose 2*c = -4*b + 134, -c + 0*c = 5. Let h be 7/3 - (-28)/42. Suppose -25 = -5*f, f + h*f + b = 4*l. What is the units digit of l?
4
Suppose 0 = -3*d + 37 + 386. What is the hundreds digit of d?
1
What is the units digit of (-483)/(-14)*4/6?
3
Let p be (-4 - -3)/(2/(-12)). Suppose -3*q + y = -p*q + 7, 5*q + 3*y - 17 = 0. What is the units digit of q?
1
Let k be -1 - 0 - (2 + -12). Let a = k + -4. What is the units digit of a?
5
Let r(j) = 2*j + 2. Let b(h) = h**2 + 6*h + 2. Let f be b(-6). Let z be r(f). Suppose -z*v + v = -65. What is the units digit of v?
3
Let i(a) be the first derivative of -a**2/2 - 2*a + 2. What is the units digit of i(-3)?
1
Suppose 3*k = -3*i - 27, -k - 2*k = -3*i + 3. Let q be 2 + i + (-3)/(-3). Let u(b) = 7*b**2 + b. What is the units digit of u(q)?
6
Let z(f) = 2*f**2 + 2*f + 6. Let m(n) = -n**2 + n - 1. Let s(r) = -3*m(r) - z(r). Let o be s(4). What is the units digit of 6/2 - (-19 - o)?
5
Let h = 39 - 26. Suppose -3*r + 5*r + 12 = -4*m, 8 = -4*r - 4*m. Suppose 5*c + 2*x - x - h = 0, 4*c + 5*x = r. What is the units digit of c?
3
Let o = -382 - -666. What is the tens digit of o?
8
Let m = 18 - 3. Suppose b + 5*f - 9 = 0, 0*b + 5*b + 5*f = -m. What is the units digit of -1 - -4 - (-4 - b)?
1
Suppose 3*v - 4*v + 5*l = -7, 5 = -5*l. Suppose 10 = 3*z + 2*g + 29, -4*g = -v*z + 14. Let c = z - -5. What is the units digit of c?
2
Suppose 5*v = -5*l + 10, -2 = -l - 2*v - 1. Suppose 0 = -6*y + l*y + 6. What is the units digit of y?
2
Suppose -3*v = v + 4*p - 48, 2*p + 88 = 5*v. What is the units digit of (v/10)/((-8)/(-80))?
6
Let t(k) = -k**2 + 8*k + 5. Let m(l) = 6*l**2 - 40*l - 24. Let p(a) = -2*m(a) - 11*t(a). Let r be p(-6). Suppose -r*q = -38 - 12. What is the tens digit of q?
1
Let x(h) = -h**2 + 4*h + 3. Suppose -3*w - 6 = -6*w. Suppose 2*d + 3*i = 8, d - 4 = -3*i - w*i. What is the units digit of x(d)?
3
Let r(k) = 7*k**2 - 8. What is the units digit of r(-7)?
5
Suppose -4*q + 5 + 10 = -3*a, -2*a = -3*q + 10. Suppose w - 6 - 5 = q. What is the tens digit of w?
1
Let q = 40 - 31. What is the units digit of q?
9
Let b(a) be the first derivative of 14*a**2 + a + 1. Let k be b(-1). What is the units digit of (-3)/(-6) - k/6?
5
Let u = 49 - 17. What is the units digit of u?
2
Let l be 2 + (-3 + -7 - -3). Let h be ((-11)/l - 3)*-55. Suppose 0 = -6*n + 2*n + h. What is the units digit of n?
1
Suppose 0 = 5*w - f - 323, -4*f + 183 = 3*w - f. What is the units digit of w?
4
Suppose 5*y + 3*b = 1519, y + 2*b - 324 = -16. What is the tens digit of y?
0
Let s(h) = 2*h**2 - 9*h + 4. Let b be s(7). Suppose -5*u + g + b = 0, 0*g + 3*g = 4*u - 29. Suppose -a + 0*a = -u. What is the units digit of a?
8
Suppose 5*c = -0 + 20. Let f(q) be the third derivative of q**6/120 - q**5/20 - q**4/8 + q**3 - 4*q**2. What is the units digit of f(c)?
0
Let d(o) be the second derivative of -o**4/12 - 5*o**3/6 + 3*o**2/2 - o. Suppose 5*p + 5*h = -15, 3*p + 21 = -0*p + 3*h. What is the units digit of d(p)?
3
Let l(f) = -f + 7. What is the units digit of l(3)?
4
Let q(d) be the second derivative of -2*d**2 - 5/6*d**3 + 0 + d + 1/12*d**4. What is the units digit of q(6)?
2
What is the units digit of (-181)/((-10)/4*(-2)/(-10))?
2
Let k = -120 + 299. What is the hundreds digit of k?
1
Suppose 6*n - 2*n = 12. Suppose -27 = -n*m + 30. What is the tens digit of m?
1
Let w(y) = 3*y**2 + 11*y + 28. What is the hundreds digit of w(-10)?
2
Let v(s) = 7*s**2 + 4*s - 1. What is the units digit of v(-4)?
5
Let m = 5 - -17. What is the tens digit of m?
2
Let k = -37 - -183. What is the hundreds digit of k?
1
Suppose 4*u - 8 = -4. Let x be 4 + -3 + u + 1. Let i(a) = a**3 - 4*a**2 + 5*a - 2. What is the units digit of i(x)?
4
Suppose -4*h + 17 = -7. Let m be h/2 - (1 + -1). Suppose -3 - 45 = -m*r. What is the units digit of r?
6
Let d(p) = -16*p**2 - p + 1. Let x be d(1). Let y = 23 + x. What is the units digit of y?
7
Suppose -j + m + 3 = 2*m, 4*j = -2*m + 12. Let t(r) = r**2 - 2*r - 3. Let o be t(j). Suppose o*z = z - 2*n - 9, -2*z - 2*n = 0. What is the units digit of z?
3
Let x(j) = 3*j**2 - 4 - 2*j**2 - 2*j + 3*j. Let f be x(0). What is the units digit of 22*(-2 + (-10)/f)?
1
Let d be 38/14 - (-4)/14. Suppose 2*m - 4*n = 12, -5*m + 0*n - d*n + 17 = 0. Suppose m*o + 2*z = 4, -5*o + 2*z + 2 = -3. What is the units digit of o?
1
Let u(m) = -m**2 - 8*m - 1. Let a be u(-7). Let s(f) = -6*f**2 - f + 1. Let o be s(4). What is the units digit of (-2)/3*o/a?
1
Suppose -t = 2*t - 36. Let v = 40 + -17. Let q = v - t. What is the units digit of q?
1
Suppose 4*p = 3*u - 5*u - 8, -2*u + p = -12. Let h(v) = -2*v**3 + 2*v**2 - 1. Let s be h(-1). Suppose s*j = u*j - 8. What is the units digit of j?
8
Let r = -8 - 3. Let f(v) = v**3 + 6*v**2 + 2*v + 5. Let d be f(-6). Let m = d - r. What is the units digit of m?
4
Let k(z) = -z**3 + 12*z**2 + 3*z - 14. What is the tens digit of k(9)?
5
Let n = -9 + 34. What is the units digit of n?
5
Suppose 0 = -4*s - 2*i - 4, -5*s + 5*i - 6*i - 2 = 0. Suppose g + 2 - 6 = s. What is the units digit of g?
4
Suppose -5*q + 3*f - 3 = -11, 24 = 3*q + 3*f. Suppose 9*l - q*l = 115. What is the units digit of l?
3
Let o(p) be the third derivative of -p**5/60 + 5*p**4/12 - 2*p**3/3 + p**2. Let m be (8/(-3))/(2/(-6)). What is the units digit of o(m)?
2
Let b = -22 + 47. Suppose 2*y = 7*y - b. What is the units digit of y?
5
Let t = -30 - -23. Let c =